nd 142558887?
3
Calculate the highest common divisor of 2825030 and 155.
155
Calculate the greatest common factor of 10434 and 375.
3
What is the highest common divisor of 918606 and 2262?
78
Calculate the greatest common divisor of 13412921 and 386.
193
What is the greatest common factor of 5940 and 13898412?
1188
Calculate the highest common factor of 1 and 184318259.
1
Calculate the highest common divisor of 371 and 80250109.
53
Calculate the highest common divisor of 1430 and 83390.
10
What is the highest common divisor of 57 and 5658143?
19
What is the greatest common divisor of 9434 and 532754?
178
Calculate the highest common factor of 351585725 and 6200.
775
Calculate the greatest common factor of 396 and 87297012.
396
Calculate the highest common divisor of 140382 and 6039.
99
What is the greatest common factor of 533558 and 16606?
722
Calculate the greatest common factor of 78996905 and 2860.
65
Calculate the greatest common factor of 13134 and 98274.
66
What is the greatest common factor of 5020 and 2500?
20
What is the greatest common divisor of 15 and 60081900?
15
Calculate the highest common factor of 517 and 26211713.
11
What is the greatest common factor of 4849 and 261001?
13
What is the greatest common divisor of 1870021453 and 43?
43
What is the highest common factor of 15956160 and 30?
30
Calculate the highest common factor of 34 and 1162405175.
17
Calculate the highest common divisor of 80 and 18706745.
5
Calculate the greatest common divisor of 1128973 and 14453.
149
What is the highest common factor of 563982 and 108?
6
Calculate the highest common factor of 240159 and 298707.
51
What is the greatest common divisor of 3259725 and 588?
147
Calculate the greatest common divisor of 885 and 313910916.
177
What is the greatest common factor of 9262518 and 1775?
71
Calculate the highest common divisor of 8171862 and 873.
291
Calculate the highest common divisor of 42253768 and 16.
8
Calculate the greatest common factor of 113220 and 417840.
60
What is the highest common factor of 1046749 and 81881?
2213
What is the greatest common divisor of 22 and 1690414?
22
What is the highest common divisor of 424 and 494352094?
106
What is the highest common divisor of 23734419 and 9?
3
What is the greatest common factor of 48791192 and 16?
8
What is the highest common factor of 1610 and 25261130?
230
Calculate the greatest common factor of 26429803 and 37.
37
Calculate the greatest common divisor of 33981615 and 2385.
45
What is the highest common divisor of 24 and 45078648?
24
What is the highest common factor of 23446 and 99629458?
1234
What is the greatest common divisor of 190 and 24601846?
38
What is the greatest common factor of 17584 and 7263448?
1256
What is the highest common divisor of 507 and 269272653?
39
Calculate the greatest common factor of 3900622 and 6292.
22
What is the greatest common factor of 118589581 and 33?
11
Calculate the highest common factor of 611 and 1337.
1
Calculate the greatest common divisor of 384 and 63813.
3
Calculate the highest common divisor of 249 and 31185756.
249
What is the greatest common factor of 1278 and 20958348?
426
Calculate the highest common factor of 144137745 and 135.
135
Calculate the highest common factor of 1656 and 269905.
23
What is the highest common divisor of 4189 and 89606899?
4189
What is the greatest common divisor of 2095830 and 48015?
495
What is the highest common divisor of 4296 and 554160372?
2148
What is the highest common factor of 2295 and 138735?
45
What is the greatest common factor of 78 and 54779972?
26
Calculate the greatest common factor of 59048688 and 288.
48
Calculate the greatest common factor of 2886 and 7578.
6
Calculate the highest common factor of 55704015 and 1.
1
Calculate the greatest common factor of 26965 and 98616398.
5393
What is the greatest common divisor of 67710334 and 268?
134
What is the greatest common divisor of 10 and 35017570?
10
What is the highest common factor of 437760 and 5940?
180
What is the highest common factor of 75782223 and 6?
3
Calculate the greatest common divisor of 48 and 10015664.
16
Calculate the highest common divisor of 9888 and 58779834.
618
What is the greatest common divisor of 88506016 and 64?
32
Calculate the highest common divisor of 1219977 and 19998.
99
Calculate the greatest common factor of 10 and 2128690.
10
Calculate the highest common divisor of 69887860 and 9499.
413
What is the highest common divisor of 205 and 53538989?
41
Calculate the greatest common divisor of 120 and 17902860.
60
What is the highest common factor of 61884770 and 10?
10
Calculate the highest common factor of 30744717 and 114.
57
Calculate the highest common divisor of 7842058 and 196.
98
Calculate the highest common factor of 18642 and 321334.
26
What is the greatest common divisor of 38247 and 509950728?
3477
What is the highest common divisor of 7051040 and 221488?
2032
Calculate the greatest common factor of 270 and 39500310.
30
Calculate the highest common divisor of 154621456 and 253.
253
What is the highest common divisor of 269982 and 125928?
954
Calculate the highest common divisor of 460134 and 594.
54
Calculate the highest common divisor of 7824732 and 3192.
228
What is the greatest common factor of 24696 and 4466574?
126
Calculate the highest common factor of 1075632 and 300.
12
Calculate the highest common factor of 297755 and 2890.
85
Calculate the highest common factor of 61886 and 11748.
22
What is the highest common divisor of 410864672 and 3776?
1888
What is the greatest common divisor of 62181 and 86240?
49
What is the greatest common factor of 219936 and 65886?
474
What is the greatest common divisor of 4791425 and 1150?
25
What is the greatest common divisor of 213 and 1200489371?
71
What is the greatest common divisor of 4560742 and 308026?
466
What is the highest common divisor of 169638 and 30282?
294
Calculate the greatest common divisor of 14147 and 11713114.
301
What is the greatest common factor of 1245 and 14104605?
1245
What is the greatest common factor of 21300027 and 483?
21
Calculate the greatest common factor of 2738853 and 78.
39
Calculate the greatest common factor of 18517935 and 55915.
265
Calculate the greatest common divisor of 800 and 2779700.
100
Calculate the highest common factor of 28 and 27057242.
2
Calculate the greatest common divisor of 9470 and 227427732.
1894
Calculate the highest common factor of 27000 and 98280.
1080
What is the greatest common factor of 410707 and 693?
11
Calculate the highest common factor of 77344748 and 156.
52
What is the highest common factor of 7743 and 171147?
267
Calculate the highest common factor of 225826 and 262.
2
What is the highest common divisor of 24093264 and 117?
39
What is the highest common divisor of 10 and 378439570?
10
Calculate the highest common factor of 70907 and 162214361.
4171
Calculate the highest common divisor of 1028157 and 474903.
1599
Calculate the greatest common factor of 15278070 and 240.
30
Calculate the highest common factor of 4485684 and 156.
12
What is the greatest common divisor of 37534950 and 975?
75
Calculate the highest common divisor of 1999192 and 141.
47
What is the greatest common divisor of 21 and 413218946?
7
What is the greatest common divisor of 137462 and 70018?
26
Calculate the highest common factor of 1306726 and 2.
2
Calculate the greatest common factor of 76803440 and 18690.
6230
What is the greatest common divisor of 25915 and 68515?
355
What is the highest common divisor of 271585971 and 8343?
927
What is the greatest common divisor of 6958394 and 458?
458
Calculate the greatest common divisor of 4145667 and 6792.
849
What is the greatest common divisor of 509234 and 2900722?
1738
What is the highest common factor of 946 and 13506?
2
Calculate the greatest common divisor of 3282965 and 693.
7
Calculate the greatest common divisor of 65 and 53442337.
13
Calculate the highest common divisor of 917 and 4854467.
131
Calculate the highest common divisor of 382 and 1144186646.
382
Calculate the greatest common divisor of 309 and 152687921.
103
Calculate the greatest common factor of 1 and 204431.
1
Calculate the highest common factor of 26240 and 6590.
10
What is the greatest common factor of 1016